794 composite?
True
Is 500243213 composite?
True
Is 601525081 prime?
True
Is 87575435 a composite number?
True
Is 2061831283 a prime number?
True
Is 86496170837 a composite number?
False
Is 2103873661 prime?
True
Is 30747729281 composite?
False
Is 993091549 a prime number?
True
Is 11949684647 a prime number?
True
Is 35808128359 prime?
False
Is 620187461 composite?
False
Is 47160378767 a prime number?
True
Is 17257423 a composite number?
True
Is 150620815871 a prime number?
True
Is 167917271 prime?
True
Is 4287884197 composite?
False
Is 74495283377 composite?
True
Is 415875653 composite?
False
Is 16506102323 a prime number?
False
Is 3994842647 a composite number?
False
Is 138748507463 a prime number?
True
Is 479445961 a prime number?
True
Is 3005321167 a prime number?
False
Is 1663430029 composite?
True
Is 9803407 a prime number?
False
Is 1262375077 prime?
True
Is 7347307387 prime?
False
Is 23976614593 prime?
False
Is 68162583997 a composite number?
False
Is 1112619151 prime?
False
Is 144487493 prime?
True
Is 22782379403 prime?
False
Is 7256533873 a prime number?
True
Is 127760207 composite?
True
Is 1544142389 a composite number?
False
Is 258106669 prime?
True
Is 6399965953 a composite number?
False
Is 551312939 a prime number?
False
Is 9961179523 a prime number?
True
Is 129792893 prime?
False
Is 33053621053 prime?
False
Is 10320688769 prime?
True
Is 7801497419 composite?
True
Is 13960020715 a prime number?
False
Is 323149597 a composite number?
False
Is 1850095271 a composite number?
False
Is 888148249 a prime number?
True
Is 6137755639 prime?
False
Is 150076879 prime?
True
Is 960114926 prime?
False
Is 5493957311 a composite number?
True
Is 81577730063 prime?
True
Is 2588225827 composite?
True
Is 40337594461 composite?
True
Is 1674160723 a composite number?
False
Is 1302649781 a prime number?
False
Is 556266169 composite?
True
Is 13458367073 a prime number?
True
Is 7318758193 composite?
False
Is 383952221 a composite number?
True
Is 592467221 prime?
False
Is 23604694573 a composite number?
False
Is 1636593227 a prime number?
True
Is 3578630749 prime?
True
Is 153463921 composite?
True
Is 2416854611 a prime number?
True
Is 25492244033 a prime number?
False
Is 2333174477 composite?
False
Is 70131499 a composite number?
False
Is 450671569 a composite number?
False
Is 822204679 a prime number?
False
Is 3399862381 a composite number?
True
Is 5937493913 prime?
False
Is 51486702121 composite?
True
Is 571082843 a composite number?
True
Is 4099045943 prime?
True
Is 278475337 a composite number?
True
Is 8728273423 a composite number?
False
Is 49234642437 composite?
True
Is 42154160281 a prime number?
True
Is 222840491662 composite?
True
Is 37651220143 prime?
True
Is 2798735441 composite?
True
Is 104835847 composite?
False
Is 1269963379 a prime number?
True
Is 46449176297 a composite number?
True
Is 328133527 a composite number?
False
Is 7709312183 prime?
True
Is 53306725949 a composite number?
False
Is 1301339729 a composite number?
False
Is 49123152797 prime?
True
Is 1459607099 prime?
False
Is 37080010577 a prime number?
True
Is 2282741323 prime?
False
Is 459387343 composite?
False
Is 76998471197 prime?
False
Is 9697983883 composite?
True
Is 176162683 prime?
False
Is 663943963 a composite number?
True
Is 42236517551 a composite number?
False
Is 3521473639 a prime number?
True
Is 22111855981 prime?
True
Is 588395411 a prime number?
True
Is 235253443 a composite number?
False
Is 812847719 a composite number?
False
Is 220828163 composite?
True
Is 250932893 prime?
True
Is 73285730863 a composite number?
True
Is 963020566 prime?
False
Is 5880098751 composite?
True
Is 913986041 composite?
False
Is 179937463 prime?
True
Is 14649656533 composite?
True
Is 88203836962 prime?
False
Is 11910248605 a prime number?
False
Is 2642230897 prime?
True
Is 1134092981 prime?
False
Is 1361152901 a prime number?
False
Is 3931485169 composite?
True
Is 8518261 composite?
False
Is 14646251987 composite?
True
Is 2937229541 a prime number?
True
Is 24459583339 a prime number?
False
Is 9315558509 prime?
False
Is 8684193359 a composite number?
False
Is 83420290277 prime?
True
Is 831717347 a prime number?
True
Is 12768199889 prime?
False
Is 1538163269 prime?
True
Is 16460294831 composite?
False
Is 2423970886 a composite number?
True
Is 111723552697 prime?
True
Is 4673205809 composite?
True
Is 399095797 prime?
True
Is 3519924973 a prime number?
True
Is 307367719 composite?
True
Is 2021211611 a composite number?
False
Is 404558389 prime?
False
Is 264845279 composite?
False
Is 1749876629 prime?
False
Is 10873515859 a composite number?
True
Is 71992778357 a composite number?
False
Is 71040993017 a prime number?
True
Is 348424351 a prime number?
False
Is 828244723 a prime number?
False
Is 4194078331 a composite number?
True
Is 159591150497 a composite number?
True
Is 11012190689 a prime number?
False
Is 237542831 prime?
True
Is 37169324021 prime?
True
Is 3072078643 a composite number?
False
Is 5956558619 a prime number?
False
Is 18644965037 composite?
False
Is 34749360067 composite?
False
Is 13506453899 a composite number?
False
Is 6811555483 prime?
False
Is 31152600709 prime?
False
Is 127447492841 a prime number?
False
Is 18481405457 composite?
False
Is 489557899 a prime number?
True
Is 14652620987 a composite number?
False
Is 68659537 composite?
True
Is 4512442679 composite?
False
Is 2814867721 prime?
True
Is 695754869 a prime number?
False
Is 8476168891 composite?
True
Is 35293068103 a composite number?
True
Is 85274403857 a composite number?
False
Is 835655974 prime?
False
Is 695220923 prime?
True
Is 1899999949 prime?
True
Is 25919442499 a prime number?
False
Is 101946757 prime?
False
Is 1362778601 a composite number?
False
Is 605758157 composite?
True
Is 15030352643 composite?
False
Is 4749138137 prime?
True
Is 2642473189 composite?
True
Is 1431091097 prime?
False
Is 9560142193 composite?
True
Is 181950421 a composite number?
True
Is 145001797 prime?
True
Is 3311098363 composite?
False
Is 13239319853 a prime number?
True
Is 1156002987 prime?
False
Is 21488389651 a prime number?
False
Is 930950939 a composite number?
False
Is 186243487 a composite number?
False
Is 26393296589 prime?
False
Is 282114617 a prime number?
True
Is 2120989001 a composite number?
False
Is 3212766961 prime?
True
Is 16296692723 a composite number?
True
Is 2000922821 composite?
True
Is 432231511 a prime number?
False
Is 155919283127 a composite number?
False
Is 41783698643 composite?
True
Is 62575767671 composite?
False
Is 681109547 a prime number?
True
Is 22437389383 a composite number?
False
Is 2529423541 a prime number?
False
Is 97271341 a composite number?
True
Is 167656787 a prime number?
True
Is 799815101 a prime number?
False
Is 13769351 composite?
False
Is 2067399497 prime?
False
Is 2480488727 a prime number?
True
Is 49361120671 composite?
False
Is 1319879257 prime?
False
Is 1708887097 a prime number?
False
Is 2852193527 a prime number?
False
Is 5197259071 composite?
False
Is 1575235763 a prime number?
True
Is 7366261853 composite?
False
Is 28223895893 a composite number?
False
Is 206229119 a prime number?
False
Is 150833773 a prime number?
True
Is 6513689941 a prime number?
False
Is 1071894209 composite?
False
Is 67304650093 composite?
False
Is 454953935 a composite number?
True
Is 720521441 a prime number?
True
Is 1232547487 prime?
True
Is 67780278619 composite?
False
Is 1150774237 a composite number?
False
Is 29220559549 a composite number?
False
Is 2587914307 composite?
True
Is 126405924005 composite?
True
Is 64663065403 composite?
False
Is 3288448697 a prime number?
True
Is 237681281 composite?
False
Is 1919265177 a composite number?
True
Is 10435094981 a composite number?
False
Is 359831651 a prime number?
True
Is 379499186917 a composite number?
False
Is 118030921751 a prime number?
False
Is 34161286909 a composite number?
False
Is 2308497547 a composite number?
False
Is 22929056263 prime?
True
Is 475639127 a prime number?
True
Is 13991048387 a prime number?
True
Is 274513595765 a composite number?
True
Is 616049729 a composite number?
False
Is 81101963 a composite number?
False
Is 6744021539 a composite number?
True
Is 57692210623 prime?
True
Is 48625213963 prime?
False
Is 11563570477 a compos